 + s. Is n a composite number?
False
Let c = -41923 - -20267. Is 3 + 5/(-10)*c a composite number?
False
Suppose 2*a + 4*r + 24*r = 145558, -3*a + 3*r + 218202 = 0. Is a a prime number?
False
Suppose -3*a - 2*a = -5*j - 20, a + 4*j = -1. Suppose -a*w = 9 + 6. Is 2*w/((-10)/267) composite?
True
Let s = -9 - 9. Let f = s + 18. Suppose f = -p - d + 289, 2*p + p = d + 875. Is p composite?
True
Is 3/7 - (40748387/(-161) + 23) a prime number?
False
Let n(s) = s**3 + 13*s**2 + 4*s + 5. Let g(t) = -t**3 + 7*t**2 - 10*t + 14. Let d be g(6). Is n(d) a composite number?
True
Let j be ((-2)/6)/((-15)/225). Suppose -5 - 24 = -3*c - j*z, -24 = -4*c - 3*z. Suppose -5124 = -c*t - f, 10432 - 3590 = 4*t - 2*f. Is t a composite number?
False
Suppose -15833 = -2*y - 2*g + 1665, 0 = 5*y - 3*g - 43761. Is y a composite number?
True
Let r = 18723 - -305570. Is r a composite number?
False
Suppose 0 = 29*j - 25 - 903. Is (15331 - j) + 6/(-1) prime?
False
Let b(x) = 123*x**2 - 48*x + 88. Is b(-31) prime?
False
Let j(v) = -2*v + 25. Let r be j(11). Suppose r = 17*a - 82. Suppose -a*u + 2620 + 15735 = 0. Is u prime?
True
Let o = 6 + -4. Suppose -o*n = -7 - 93. Suppose 5*x - n = -0*x. Is x a composite number?
True
Let v(r) = -550*r + 2981. Is v(-11) a composite number?
True
Let q(p) be the first derivative of -5/2*p**2 - 22 - 2/3*p**3 + 111*p + 1/4*p**4. Is q(0) prime?
False
Let c = -5326 + 11593. Is c prime?
False
Let p(z) = 2*z + 1. Suppose 5*j + 8 - 18 = 0. Let g be p(j). Suppose -925 = -4*a + g*n, n = -0*a - a + 238. Is a composite?
True
Is (-16183)/(-1)*(-19)/(-9 + -10) composite?
False
Is 157600 + ((117/(-26))/(-9))/((-2)/12) a prime number?
False
Let k = 155 - 85. Let p = 69 - k. Is (p - -63)/(10/115) a prime number?
False
Let p(v) = 209*v - 12607. Is p(176) a prime number?
False
Is (0 - (-4 + 5/((-30)/(-18))))*102745 composite?
True
Suppose -8 + 146 = -3*n. Let u = -26 - n. Suppose 799 = -u*x + 21*x. Is x a prime number?
False
Suppose -5*t + 0*x = 4*x - 1157, 5*x = -5*t + 1155. Suppose -21*c + 23*c - 196 = 0. Suppose -c = -u + t. Is u a composite number?
False
Suppose -3*v + 33 = -21. Suppose 5*o = 2*w + 18, -3*w + v = 3*o + 3. Suppose 2*c - 10 = o*c, 5*c + 1068 = u. Is u composite?
True
Suppose 3 = -4*d + 223. Let a = -47 + d. Suppose 0 = -a*m + 3119 + 17049. Is m a composite number?
False
Suppose -2*n - 4*q + 40008 = 103658, n - 3*q + 31800 = 0. Let x = n - -55664. Is x a prime number?
False
Is 11 + 0 + -5 + 75245 a prime number?
False
Suppose 14*w + 152271 = 17*w. Suppose 14*h + 38066 = 17*h - t, -t = 4*h - w. Is h a prime number?
True
Is (-400)/(-360) + 1229485/45 prime?
False
Suppose 46619 = -x + 3*b + 146166, 0 = -2*x + 4*b + 199102. Is x a prime number?
True
Suppose k + 362 - 352 = 0. Is k/(-15)*3 + 13095 composite?
True
Let b(l) = l**3 - 16*l**2 - 11*l - 92. Let g be b(17). Suppose -5*q + 48308 = x, 6*q = g*q - 2*x - 38638. Is q prime?
True
Suppose -9*r + 4*r = 55. Let g = -10 - r. Let z(v) = 347*v**2 - 2*v + 2. Is z(g) a composite number?
False
Let s(a) = -110*a**3 - 2*a**2 + 3. Let p(o) = -329*o**3 - 7*o**2 + 10. Let z(d) = 2*p(d) - 7*s(d). Let n be z(1). Is -3 - n/(-3) - -3 prime?
True
Suppose 3*a - 1697 = -4*d + 280, 2*d = 0. Let j = -138 + a. Is j a composite number?
False
Suppose 5*p = -4*f + 7*f + 25, 4*f - 5 = -p. Suppose -p*r = -41 + 16. Suppose t - 5696 - 397 = -2*n, -5*t = r. Is n a composite number?
True
Let b(d) = 13797*d**2 + 31*d + 25. Is b(3) a prime number?
True
Suppose 0 = -f + 3*f - 8. Let r = 17 - 8. Suppose 0 = -f*n + r*n - 4415. Is n composite?
False
Let q be (-64)/20*35/(-2). Suppose l = -3*w - 34, 5*w - 2*l + 8 = -q. Is (-1166)/(-2) + -4 + w/(-3) a composite number?
True
Suppose -33 + 0 = -11*j. Let d be 0 - j/4 - 95/(-20). Is -673*(d/(-6))/(4/6) a prime number?
True
Suppose 8*s - 1118495 = 5292329. Is s composite?
True
Let b(p) = 496*p**2 - 32*p + 187. Is b(20) a composite number?
False
Let l(s) = 170*s**2 - 21*s + 28. Let z(h) = 114*h**2 - 14*h + 19. Let k(a) = 5*l(a) - 7*z(a). Is k(-6) prime?
False
Let c(f) = -3*f + 15*f - 3*f - 7*f. Let g be c(2). Is 1478 - (g + -7 - 0) composite?
False
Suppose -5*r - 178 - 2 = 0. Is (-717 - -1)*(r/(-16) + -4) a prime number?
False
Let c(a) = 24*a + 7 - 957*a**3 + 958*a**3 + 14 + 11*a**2. Is c(-6) prime?
False
Suppose i - 3*i = g - 9, 0 = g + 4*i - 19. Is (-15)/30*g*(5997 - -1) prime?
True
Let a = 119 + -75. Let s = a + -14. Suppose -2*c - s = -434. Is c composite?
True
Is (-40985388)/(-63)*(-119)/(-68) a prime number?
True
Suppose 51*f - 2124475 = 338774. Is f a composite number?
False
Let x(g) = -2*g**3 + 16*g**2 - 3*g - 4. Let o be x(10). Let s = o - -728. Let f = s + 383. Is f composite?
False
Let h(g) = g**3 + 5*g**2 - 34*g - 17. Let f be h(-8). Is f/15 + -4 - 308/(-10) composite?
False
Is (-37 - -19 - -113084) + -3 prime?
True
Let m(l) = -5*l**2 + 69*l + 0*l - 3*l**3 - 6 - 2*l**3 + 17 + 4*l**3. Is m(-12) composite?
False
Let d(l) = l**3 - l**2 + 10. Let g be d(0). Suppose 11*k - 471 = g*k. Is k prime?
False
Let l = -100 + 105. Suppose -4*c - 5*h + 1417 = 184, 0 = l*c - 3*h - 1532. Is c a prime number?
True
Let i = -38 - -48. Suppose -4*l = -i - 50. Let m(b) = 53*b - 8. Is m(l) a prime number?
True
Let s = -294 - -340. Let f = s + 139. Is f prime?
False
Suppose 2*i + 571009 = 3*u, -4*i - 258504 = -u - 68181. Is u a prime number?
True
Let l(t) = -156*t**2 - 7*t - 6. Suppose -3*h + 5*h = -5*f + 34, -3*f = -2*h - 14. Let y be l(f). Let i = 10979 + y. Is i a composite number?
True
Let w(c) be the first derivative of -c**4/4 - 28*c**3/3 - 17*c**2/2 - 16*c + 15. Let j be w(-18). Let t = j - -5283. Is t prime?
True
Is (17/34 - 295910/4)/((-6)/10) composite?
True
Suppose 1460351 + 141690 = -3*j + 10*j. Is j a prime number?
False
Is 1228/10*(-800)/(-320) a composite number?
False
Is -451 + 255535 - 54/(-2) composite?
True
Let j(g) = 4*g**3 - 2*g**2 + 3*g - 1. Let y be j(1). Let t be -10*(3922/(-12) + y/12). Suppose -4*p + t = p. Is p a composite number?
False
Let y = -44 - -47. Suppose 2*n + 2 = y*n. Is (-1 - 236)*n/(-6) a composite number?
False
Let z(m) = -1786 + 1518 + 4038 + 13*m + 5363. Is z(0) composite?
False
Is (22 + (-2567122)/(-8))/(3/8) a composite number?
True
Let y(w) = -w**3 + 17*w**2 + 20*w - 31. Let i be y(18). Let v(p) be the third derivative of 577*p**4/24 - 8*p**3/3 + 7*p**2. Is v(i) composite?
True
Suppose -1 = -c + 2, -m + 28108 = -5*c. Is m prime?
True
Suppose -5*p = 3*y - 50, 12 = -3*y - 3. Suppose 5*f - p*l = -10*l + 30097, -3*l = -3*f + 18063. Is f a prime number?
False
Suppose 0 = 42*b - 35*b - 7826. Suppose 901 + b = j. Is j a composite number?
True
Suppose -6*j + 295692 = -208638. Is j composite?
True
Let a be 3 - (-4 + 1 + 6). Suppose o + 0*o - 5 = a. Suppose -2 = -4*t + 2, 4780 = 5*d + o*t. Is d a composite number?
True
Is ((-25)/10 - -1)*(-6 - (-5417356)/(-21)) prime?
True
Suppose -5*f + m = -167, m + 0 = f - 31. Suppose 3*z + 10 = 5*z. Suppose 0 = z*h - 4*b - 214, h + 3*b = f + 24. Is h composite?
True
Suppose -3*s = -6, 2*z - 5*s - 576947 = 205065. Is z composite?
True
Suppose -268430 = 2*q - 7*q + 5*t, -4*t = q - 53661. Is q prime?
True
Suppose 113550 = 3*h - 3*x, -4*h + 35*x = 30*x - 151403. Is h a composite number?
False
Let m = 7554 + 1341. Suppose 0 = -4*r + 3*y + 17805, -2*r - 3*y + m = -6*y. Suppose -11308 = -7*v - r. Is v composite?
True
Suppose -3*i + 139751 = 3*o + 49235, -120682 = -4*o - 2*i. Suppose -2*b + 3*s - 1269 + o = 0, b + 3*s = 14459. Is b prime?
False
Let o(d) = 124*d + 75. Let g = 421 - 409. Is o(g) a composite number?
True
Suppose -4*z + 2*k - 6*k - 84 = 0, 5*z - 3*k + 81 = 0. Is (-12468)/(-18)*z/(-12) composite?
False
Suppose 39*x - 22 - 51 = 44. Let g(a) = 34*a**3 + a**2 + 4*a - 2. Let h(l) = -33*l**3 - 4*l + 1. Let m(c) = 3*g(c) + 2*h(c). Is m(x) a prime number?
False
Let i(g) = -409*g**3 - g**2 - 2*g - 1. Suppose -11*b + 47 = -8. Suppose -t + b*t = -4. Is i(t) a composite number?
False
Let o = 248 + -246. Suppose -o*z = -9*z + 151907. Is z prime?
True
Let t(u) = 6898*u + 153. Is t(7) a prime number?
False
Suppose -h + 111 + 96 = -5*f, 4*h = -5*f - 222. Let y = f - -45. Suppose 2*b = -y*b + 5975. Is b a composite number?
True
Suppose -a + 5*s = 3, 18 = a + s + s. Suppose a*c + 14 = 50. Suppose 0 = c*b - 622 - 299. Is b a composite numbe